{"id":51,"date":"2020-05-16T19:32:43","date_gmt":"2020-05-16T19:32:43","guid":{"rendered":"http:\/\/casadosprimos.pt\/?page_id=51"},"modified":"2020-07-11T14:52:12","modified_gmt":"2020-07-11T13:52:12","slug":"visao","status":"publish","type":"page","link":"https:\/\/casadosprimos.pt\/?page_id=51","title":{"rendered":"Vis\u00e3o"},"content":{"rendered":"\n<p>A \u201cCasa dos Primos\u201d aposta, de forma sustent\u00e1vel, no contacto dos clientes com a natureza, com a comunidade local e com os atrativos que comp\u00f5em esta regi\u00e3o.<\/p>\n","protected":false},"excerpt":{"rendered":"<p>A \u201cCasa dos Primos\u201d aposta, de forma sustent\u00e1vel, no contacto dos clientes com a natureza, com a comunidade local e com os atrativos que comp\u00f5em esta regi\u00e3o.<\/p>\n","protected":false},"author":1,"featured_media":99,"parent":0,"menu_order":0,"comment_status":"closed","ping_status":"closed","template":"","meta":{"footnotes":""},"class_list":["post-51","page","type-page","status-publish","has-post-thumbnail","hentry"],"_links":{"self":[{"href":"https:\/\/casadosprimos.pt\/index.php?rest_route=\/wp\/v2\/pages\/51","targetHints":{"allow":["GET"]}}],"collection":[{"href":"https:\/\/casadosprimos.pt\/index.php?rest_route=\/wp\/v2\/pages"}],"about":[{"href":"https:\/\/casadosprimos.pt\/index.php?rest_route=\/wp\/v2\/types\/page"}],"author":[{"embeddable":true,"href":"https:\/\/casadosprimos.pt\/index.php?rest_route=\/wp\/v2\/users\/1"}],"replies":[{"embeddable":true,"href":"https:\/\/casadosprimos.pt\/index.php?rest_route=%2Fwp%2Fv2%2Fcomments&post=51"}],"version-history":[{"count":3,"href":"https:\/\/casadosprimos.pt\/index.php?rest_route=\/wp\/v2\/pages\/51\/revisions"}],"predecessor-version":[{"id":162,"href":"https:\/\/casadosprimos.pt\/index.php?rest_route=\/wp\/v2\/pages\/51\/revisions\/162"}],"wp:featuredmedia":[{"embeddable":true,"href":"https:\/\/casadosprimos.pt\/index.php?rest_route=\/wp\/v2\/media\/99"}],"wp:attachment":[{"href":"https:\/\/casadosprimos.pt\/index.php?rest_route=%2Fwp%2Fv2%2Fmedia&parent=51"}],"curies":[{"name":"wp","href":"https:\/\/api.w.org\/{rel}","templated":true}]}}